70241 composite?
False
Is 10045516039 a prime number?
False
Is 16970084179 composite?
False
Is 4661469883 a composite number?
True
Is 2844481889 a composite number?
False
Is 1409468173 a prime number?
True
Is 81080128307 a composite number?
False
Is 5504817397 prime?
True
Is 2324817669 composite?
True
Is 197634354767 prime?
True
Is 1326382139 composite?
True
Is 3077525177 prime?
True
Is 54905323259 a prime number?
True
Is 5529196009 a composite number?
True
Is 305359007 prime?
False
Is 3908783651 a prime number?
False
Is 21271279943 a composite number?
True
Is 2588252311 composite?
False
Is 2280801023 prime?
True
Is 604445609 a prime number?
False
Is 4886806387 a composite number?
False
Is 4919918327 prime?
False
Is 16791970397 a prime number?
True
Is 11378172787 prime?
False
Is 23741125257 a prime number?
False
Is 309158807 prime?
True
Is 16411627627 a prime number?
True
Is 1639374323 a prime number?
False
Is 15265450597 prime?
False
Is 5838883819 composite?
False
Is 30198785759 prime?
True
Is 7651265995 a composite number?
True
Is 4212527749 composite?
False
Is 772841393 composite?
False
Is 3979844333 prime?
False
Is 76426048417 a composite number?
True
Is 6892809629 a prime number?
True
Is 5708836027 composite?
False
Is 703393657 a composite number?
True
Is 2100145903 composite?
True
Is 1326768437 a prime number?
False
Is 3321971347 a prime number?
False
Is 816315889 a composite number?
True
Is 386332789 a prime number?
False
Is 3693860813 prime?
False
Is 453101627 composite?
True
Is 872618581 prime?
False
Is 119721779 a prime number?
True
Is 319923647 a composite number?
True
Is 62469862451 a composite number?
False
Is 35889067 composite?
False
Is 721842007 a composite number?
True
Is 156061243 prime?
False
Is 406333481 a composite number?
False
Is 54370861501 prime?
False
Is 741230419 prime?
False
Is 37442214193 a composite number?
False
Is 1332759 a prime number?
False
Is 76010378369 a composite number?
False
Is 3720587621 composite?
False
Is 252827493901 composite?
True
Is 1603310641 composite?
True
Is 18593472629 a prime number?
True
Is 354697589 composite?
True
Is 709061567 composite?
False
Is 371952591 prime?
False
Is 61610879 a composite number?
True
Is 1238602051 prime?
True
Is 4765907941 composite?
False
Is 11575754249 a composite number?
True
Is 300976183 prime?
False
Is 11858221723 a prime number?
False
Is 6232610333 composite?
False
Is 225509381 a prime number?
True
Is 166464373 prime?
True
Is 6357008741 composite?
True
Is 6570743041 prime?
False
Is 577123399 a prime number?
False
Is 41687424451 a prime number?
True
Is 9817183279 prime?
True
Is 4076336387 a prime number?
True
Is 71920061 composite?
False
Is 36425481145 a composite number?
True
Is 344389883 a composite number?
False
Is 2160513463 prime?
True
Is 248392913 prime?
True
Is 1376063291 a prime number?
True
Is 3148095829 a prime number?
True
Is 150899454751 prime?
True
Is 14504227567 prime?
False
Is 2948221769 a composite number?
False
Is 33236261 a composite number?
False
Is 127795691329 a composite number?
False
Is 3331488247 prime?
False
Is 15511932509 a composite number?
True
Is 1642406422 composite?
True
Is 2869817543 a prime number?
True
Is 34694881129 a prime number?
True
Is 1389989477 a composite number?
False
Is 221381129 prime?
True
Is 417107221 a prime number?
False
Is 98175521359 a prime number?
False
Is 147063231871 a prime number?
True
Is 1643220679 composite?
True
Is 7642692433 a composite number?
False
Is 2506842439 prime?
True
Is 571606703 prime?
True
Is 28642531543 prime?
True
Is 1894123207 composite?
True
Is 1863658821 a prime number?
False
Is 380116279 composite?
False
Is 478684111 a composite number?
False
Is 17115169 prime?
True
Is 10587639973 a prime number?
True
Is 14780175161 composite?
False
Is 441640873 prime?
False
Is 13365016919 prime?
True
Is 13082220947 prime?
False
Is 5879268649 composite?
True
Is 61539336979 a composite number?
False
Is 74151026657 a prime number?
False
Is 155481433 composite?
False
Is 196434001 prime?
False
Is 54926120527 prime?
True
Is 1591808483 a composite number?
False
Is 39718239751 a composite number?
False
Is 135475763 a composite number?
True
Is 48720868561 a composite number?
False
Is 876364777 composite?
True
Is 232739807 a prime number?
True
Is 88713834907 a prime number?
True
Is 764818543 prime?
True
Is 11182489037 prime?
True
Is 12507632447 a composite number?
True
Is 6208033903 a composite number?
True
Is 13301789 composite?
False
Is 263342041 a composite number?
True
Is 10571675663 composite?
False
Is 123300956179 a prime number?
True
Is 6013151621 a prime number?
True
Is 85013989 a composite number?
True
Is 2755433693 a composite number?
True
Is 426926413 a composite number?
False
Is 11299613623 prime?
True
Is 1245599087 a composite number?
True
Is 46656886477 composite?
False
Is 29228393 a composite number?
True
Is 2509439371 a prime number?
True
Is 15056155589 prime?
True
Is 204435529 a prime number?
False
Is 694199665 a prime number?
False
Is 4021233581 composite?
True
Is 6717125171 a prime number?
True
Is 538738345 a composite number?
True
Is 1726066621 a composite number?
True
Is 940519915 prime?
False
Is 2574306727 composite?
False
Is 5397594971 prime?
False
Is 642330911 prime?
False
Is 6005287 prime?
True
Is 3464897785 a prime number?
False
Is 124360682363 a prime number?
True
Is 961192469 prime?
True
Is 841363463 a prime number?
False
Is 8050789861 a composite number?
False
Is 65855028607 composite?
True
Is 7105897573 composite?
False
Is 14325927317 a composite number?
True
Is 1036812253 composite?
False
Is 12527346629 a composite number?
True
Is 45460334107 composite?
True
Is 4551574319 a prime number?
True
Is 945040741 prime?
False
Is 51202231 prime?
True
Is 665264789 prime?
False
Is 349102837 composite?
True
Is 159557527054 a prime number?
False
Is 1279113959 a composite number?
True
Is 4986561833 prime?
False
Is 2178231337 a composite number?
True
Is 196660999 prime?
False
Is 187802450317 composite?
False
Is 16172858587 a composite number?
False
Is 160320401 composite?
False
Is 15858877 a prime number?
True
Is 1705682679 prime?
False
Is 2478188717 a composite number?
False
Is 19201804697 a composite number?
False
Is 521240317 prime?
False
Is 94938719 prime?
True
Is 17350887635 a composite number?
True
Is 10897133531 a prime number?
False
Is 1917671753 a prime number?
True
Is 11831404757 a composite number?
True
Is 24281181091 prime?
True
Is 1554306181 composite?
False
Is 931826407 a prime number?
True
Is 17392075499 prime?
True
Is 308401309 a composite number?
False
Is 165920869 a prime number?
False
Is 11909109983 a composite number?
True
Is 23133133823 composite?
False
Is 8568907 a composite number?
False
Is 1862448769 composite?
True
Is 35528553209 prime?
True
Is 45105239 prime?
True
Is 5746386241 prime?
True
Is 3945021817 a prime number?
False
Is 45362806997 composite?
False
Is 3122081023 a prime number?
True
Is 197337841 composite?
False
Is 817581043 composite?
False
Is 22329418369 prime?
False
Is 207071681 composite?
True
Is 9090673237 composite?
True
Is 31237048085 prime?
False
Is 19305068309 composite?
True
Is 13499712469 a prime number?
False
Is 45278425427 prime?
False
Is 519935621 a composite number?
False
Is 88704266897 composite?
True
Is 1741212137 a prime number?
False
Is 781179179 a composite number?
True
Is 95614105853 composite?
True
Is 4844164657 a prime number?
True
Is 40239707071 prime?
True
Is 62046183187 a composite number?
False
Is 15477999121 a composite number?
True
Is 67065901279 a composite number?
True
Is 2107394059 a composite number?
False
Is 21854990981 a composite number?
False
Is 2168586479 composite?
False
Is 352183877 composite?
False
Is 201772187 prime?
True
Is 1000935835 composite?
True
Is 54822899 a prime number?
True
Is 559345093 prime?
False
Is 103902551 prime?
True
Is 33346394513 prime?
False
Is 596920699 a composite number?
True
Is 16145023303 prime?
True
Is 28401579169 composite?
True
Is 61884389 a composite number?
True
Is 237841717 a prime number?
True
Is 2883990281 prime?
False
Is 42388520807 prime?
False
Is 2103846929 composite?
False
Is 4368467923 prime?
True
Is 54600686561 prime?
True
Is 9326733659 a prime number?
True
Is 220399414201 com